+ 10 = 0. Let k be c + (4 - 1) - u. Calculate s(k).
0
Suppose -3*m = m - 8. Suppose -3*i - 15 = m*i. Let l be (-13)/i + (-4)/(-6). Let g(s) = s**2 - 5*s + 2. What is g(l)?
2
Let r(j) = -4*j**3 - 5*j**2 + 2*j - 5. Let g be 4/(-20) + (-26)/(-5). Let z(c) = c**3. Let f(p) = g*z(p) + r(p). Give f(5).
5
Suppose -2*k + 15 = 1. Let v(j) = -j + 4. Give v(k).
-3
Let g(n) be the first derivative of -n**4/4 + n**2 - 2*n - 22. What is g(2)?
-6
Let s(z) = z**3 + 9*z**2 - 8*z + 11. Let x(q) = 2*q**3 + 17*q**2 - 15*q + 21. Let c(n) = -11*s(n) + 6*x(n). Determine c(-4).
-3
Let w(f) be the second derivative of f**3/2 - f**2 - 3*f. Let n be 8/5*(-15)/(-6). Suppose 2*t - 2 - n = 0. Determine w(t).
7
Let u be 2/6 + (-2)/6. Let r be (0 + u + -1)*-3. Let h(w) = 3*w + 1 - w**3 + 0*w**r + 2*w**3 - 3*w**2. What is h(3)?
10
Let f(x) = -x**3 - x**2 + 1. Let s be f(0). Let z(y) = y - 1. Let d(i) = i**2 + 13*i - 6. Let o(c) = s*d(c) - 6*z(c). Calculate o(-6).
-6
Let u(o) = 2*o - 4. Let j(y) = -y**2 + 8*y - 3. Let a be j(7). Let v = 0 + a. Let r be 2 + -1 + v*1. Give u(r).
6
Let p(w) be the second derivative of 2*w + 1/2*w**2 + 1/12*w**4 + 7/20*w**5 + 1/6*w**3 + 0. Determine p(-1).
-6
Let h(m) be the third derivative of -m**4/24 + m**3/3 + 3*m**2 + 2. What is h(8)?
-6
Let u be ((-2)/3)/(8/36). Let g(l) = -2*l**2 - 2*l - 4. Give g(u).
-16
Let s(m) = -m - 4. Let v be s(0). Let w(h) = -h**3 - 5*h**2 - 3*h + 2. Give w(v).
-2
Let m(h) be the first derivative of 1 + 3/2*h**2 + 3*h. What is m(-2)?
-3
Suppose 0 = -5*v + 14 + 1. Let g(s) = 3*s - s**2 - 1 - v + 1. Calculate g(4).
-7
Let z(b) be the first derivative of -b**4/4 - 4*b**3/3 + 3*b**2/2 + 6*b - 6. Give z(-4).
-6
Let b(f) be the first derivative of -1/2*f**4 - 1/2*f**2 + 11 + f + 1/3*f**3. Suppose n = -w - 3, n + n + 7 = -w. Determine b(w).
-1
Let h(y) = -3*y**3 + 4*y**3 - 2*y**2 + y**2 - y**2. Let i(b) = 8*b**2 - 3*b**2 + 10*b - b**3 - 4 - 3*b. Let f be i(6). Calculate h(f).
0
Let y be 1 + (-1 - (0 + -1)). Let w(x) be the second derivative of x**3/3 + x**2/2 + 25*x. Determine w(y).
3
Let p be 162/45 + (-6)/10. Let k(o) = -4*o**2 + 5 + p*o + 3*o**3 - 1 - 5. Calculate k(2).
13
Let r(l) = 3*l - 6. Let d(a) = -7*a + 13. Let n(m) = -2*d(m) - 5*r(m). Suppose 0 = 2*x + x - 12. Give n(x).
0
Let h be (0 - 2)/((-2)/(-3)). Let p(z) = -3*z - 4. Calculate p(h).
5
Let p(h) be the second derivative of -1/20*h**5 - 1/2*h**3 - 2*h**2 + 1/3*h**4 + 0 - h. Let u(o) = -o**2 - 7*o - 3. Let i be u(-6). Give p(i).
-4
Suppose 0 = -3*n - 0*n - 6. Let y(j) = j**3 + j + 1. Calculate y(n).
-9
Let w be (3/9)/((-1)/(-12)). Let l(y) = y**3 - 5*y**2 + 5*y. Determine l(w).
4
Suppose -5*t = -5*r - 20, -1 = -4*r + 3*r. Let g be 4 - (-12)/4 - 4. Let a(p) = 0*p**2 - g - p**2 + 8 + t*p. Determine a(5).
5
Let v(k) be the first derivative of 4 + 1/2*k**2 + 2/3*k**3 + k. Suppose -1 + 0 = h. Give v(h).
2
Let j(p) = p**3 - 5*p**2 + 4*p + 3. Let y be j(4). Suppose d - 3*q + 3 = -1, -3*d + 10 = 2*q. Let z(w) = y + 2*w - d*w**3 + w**3 - w. What is z(0)?
3
Let k(m) = 9*m + 8. Let l(c) = -6*c - 5. Let o(v) = -5*k(v) - 7*l(v). Calculate o(-5).
10
Let a(t) = t**3 + 7*t**2 + t + 3. Let j be (4 + -1)*21/36*-4. Calculate a(j).
-4
Let x(b) = 2*b**3 - 22*b**2 + 11 + 30*b**2 + b + 0*b**3 - 3*b**3. Determine x(8).
19
Suppose 0*b = 5*b - 75. Suppose -3*y - b = 2*y. Let o(q) = 5*q - 4*q + 0*q + 2. Give o(y).
-1
Let p(k) = -31*k**3 - 17*k**2 - 11. Let l(f) = -15*f**3 - 8*f**2 - 5. Let j(s) = -13*l(s) + 6*p(s). Determine j(-1).
-8
Let b(l) = l - 6 + l - l. Calculate b(7).
1
Let v(q) = -q + 1. Let h be -3 + 6*2 - -1. Suppose -2*n + 0*n - h = 0, 2*n = 4*o - 14. What is v(o)?
0
Suppose 3*w - 5 = -2. Let t be (-1 - 4)/(0 - w). Let j(l) = -t - 2*l**2 + 7*l - 2*l + l**2. Give j(4).
-1
Let u(r) = -6 - 1 + 1 + 10*r - 12*r. Determine u(-7).
8
Let y be ((-2)/(-8))/(3/24). Let j(x) = 1 + x**y + 3*x + x - 4. Determine j(-5).
2
Let p(g) be the second derivative of 1/6*g**3 + 0 + g - 9/2*g**2. Determine p(0).
-9
Let j(s) = -2*s + 2. Suppose -8*y + 3*y = 0. Suppose y = -3*n + 8*n + 2*p - 19, -4*n + 29 = -3*p. Determine j(n).
-8
Let h(u) be the second derivative of -u**3/6 - 39*u. Suppose 2*f = -1 - 3. Give h(f).
2
Let p(b) = 9*b**2 - 3*b. Let d(n) = 5*n**2 - n. Let v(u) = -5*d(u) + 2*p(u). Let i = 89 + -88. Give v(i).
-8
Let x(o) = 4*o + 2 - 3*o + 3 + 2. Suppose -d = 2*d - 2*q - 2, -4 = 4*q. Suppose 2*j + 2*j - u + 19 = d, -4*j - 15 = -5*u. Calculate x(j).
2
Let m(l) = -21*l**2 + 19*l**2 + l + 1 + 4*l - l. Calculate m(3).
-5
Let c(u) = 0*u - 1 - 4 + 2*u - 3*u. Suppose -25 = -4*n + 9*n. What is c(n)?
0
Let d(f) = -f**2 - 5*f - 3. Let y be d(-3). Let z(c) = -c**2 + 6*c - 3. Calculate z(y).
6
Suppose 0 = -v - 4*v + 85. Let q(r) = -v + r - r + r + 5. Suppose 2*z = i - 2*i, 2*z - 18 = -4*i. Determine q(i).
-6
Let y be 1/2 - (-6)/(-4). Let m(t) = -t**3 - t - 1. Calculate m(y).
1
Let x = -7 - -10. Let g(v) = 1 + 0 - 2 - 6 + x*v. Calculate g(5).
8
Let d(z) = z**3 - 4*z**2 + 3*z + 4. Let h be d(3). Let x(l) = 6*l - 3*l - h*l. Give x(1).
-1
Let m be 3*((-2)/2)/(-3). Let h(s) = 2*s - s - 3 - m. Calculate h(0).
-4
Let t be (4 + -1)*1/1. Suppose 0*p + r = -t*p, 4*r = 0. Let i(x) = -x**3 - 4*x**2 - 3*x - 1. Let u(m) = -m**2 - m + 1. Let z(k) = -i(k) + 4*u(k). What is z(p)?
5
Let k(c) = -c**3 + 6*c**2 + 2*c - 9. Let a(m) = -m. Let t(j) be the first derivative of j**3/3 + 7*j**2/2 + 2. Let z be t(-6). Let q be a(z). Determine k(q).
3
Let b(q) = -q**3 + 6*q**2 + 6. Let u be b(6). Suppose 0 = -4*a + a + u. Let l(k) = -k**3 + k**2. Give l(a).
-4
Let a(v) = 10*v**2 + v + 1. Suppose 3*w + g = 8, 3*g - 1 = -w + g. Suppose -2*j = w*j + 5. Give a(j).
10
Let b(j) = 4*j**2 - 5*j + 5. Let s(f) = 3*f**2 - 5*f + 4. Let r(m) = 4*b(m) - 5*s(m). What is r(-4)?
-4
Let w(f) be the second derivative of f**3/6 - 5*f**2/2 + 37*f. Let n = 4 + 0. Give w(n).
-1
Let b(j) be the third derivative of -7/6*j**3 + 3*j**2 + 0 + 1/12*j**4 + 0*j. Determine b(6).
5
Let i(u) = -u**3 + u**2 + u. Let c be i(0). Suppose 2*d - 4 = -c. Let b(q) = -7 + d*q**2 + 4*q + 0 + 1 - q**2. Calculate b(-6).
6
Let t(f) = -7*f + 1. Let h be t(-1). Suppose 0 = -3*w + h*w - 20. Suppose -y - 1 = 0, -w*b - 3*y = -5*y - 14. Let g(c) = c**2 - 2*c + 1. Give g(b).
4
Let i(h) = h**2 + 3*h + 3. Suppose -17 = 2*z + 3*z + 3*r, -3*z = 4*r + 8. Give i(z).
7
Let q(m) = 6*m - 9. Let s(c) = -5*c + 8. Let d(u) = -4*q(u) - 5*s(u). Give d(-5).
-9
Let m = 29 + -25. Let l(d) be the third derivative of -1/60*d**5 + 3/2*d**3 + 1/24*d**m + 0 + 0*d - 2*d**2. Give l(0).
9
Let x be 3 + 0 + (2 - 7). Let f be ((-2)/4)/(1/x). Let v(k) = -5*k**3 + k**2 - k. Calculate v(f).
-5
Suppose -d + 0*d = 0. Suppose -4*m + d*m - 20 = 0. Let c(f) = 5 - 2*f - 4 - f**3 - 6*f**2 + 6. Calculate c(m).
-8
Let j(d) = d**2 - d - 1. Let r(s) = 3*s + 2*s - 3*s - s - 2. Let f be r(0). Determine j(f).
5
Let m = -6 - -9. Suppose v + 8 = m*v. Let s(b) = -6 + v - 4*b + 2. Determine s(-1).
4
Let p be (3/(-1) - -3)/2. Let h be (p - 0)/(2/1). Let i(q) = 2*q**2 - 3*q**2 - 5 - 1. What is i(h)?
-6
Let f(l) = -l. Let h(q) = 10*q + 1. Let g(d) = -5*f(d) - h(d). Suppose -5*j + 4*y = 25, -27 = -j - 5*y - 3. What is g(j)?
4
Let r(v) = 5*v**3 + 3*v**2 - 2*v - 7. Let b(g) = -6*g**3 - 3*g**2 + 2*g + 8. Suppose -z + 2 + 5 = 0. Let f(n) = z*r(n) + 6*b(n). What is f(3)?
-7
Let w(k) be the first derivative of k**2/2 - 9*k + 2. Determine w(7).
-2
Let p(u) = u**2 - u - 13. Let n be (10/4 - 2)*2. Suppose -x - 4 = 5*l, 3 = -x - n. Determine p(l).
-13
Let v(u) = u**3 - 8*u**2 + 7*u - 2. Let m(z) = -z**3 + z**2 + 2*z - 1. Let l be m(-2). Give v(l).
-2
Let n(r) = -4*r + 1. Suppose 0 = 4*v + v - 20. Suppose -7 = -v*y + 3*h - 2, h + 9 = 5*y. Suppose 2*m - d = -0*m + y, 2*d = 0. Calculate n(m).
-3
Let a(r) = -3*r - 7. Let x be a(-5). Suppose -3*d - k + 6*k - x = 0, -4*k - 4 = -5*d. Let l(m) = -5 - 6 - m**2 + 7 + 5*m. Give l(d).
0
Let s(n) = 6*n**2 + 4*n + 1. Let o(h) = 7*h**2 + 4*h + 2. Let l(k) = -5*o(k) + 6*s(k). Let c be 25/60*-9 - 2/8. What is l(c)?
-4
Let d be (11/(-4) + 2)*4. Let f be (1 + 2 + -2)*4. Let w(a) = -3*a - 3 + a**3 + f*a**2 + 6*a - 2*a. Determine w(d).
3
Let f = -45 + 38. Let l(j) = j**2 + 6*j - 10. What is l(f)?
-3
Let m be 5 - 5 - (0 - 2). Let u(k) be the third derivative of 1/120*k**6 + 1/2*k**3 + 0 - 1/15*k**5 + 1/24*k**4 -